02
In base 9, what is -22 + 26?
4
In base 12, what is -22a3 + -1?
-22a4
In base 8, what is -125 + -5?
-132
In base 6, what is -2 + 213?
211
In base 11, what is -5 + 55?
50
In base 7, what is -32416 + 5?
-32411
In base 16, what is 53 - -18?
6b
In base 16, what is -a8 + 11?
-97
In base 12, what is -3 + -1a?
-21
In base 11, what is 3 + -65?
-62
In base 11, what is 13 - -38?
50
In base 13, what is 1c31 + 4?
1c35
In base 15, what is 18 - -5?
1d
In base 13, what is 23c - -1?
240
In base 14, what is -3 - 40?
-43
In base 3, what is 1000001 - -12?
1000020
In base 8, what is -2 + 3246?
3244
In base 15, what is b7d + -4?
b79
In base 15, what is 4 - -18?
1c
In base 8, what is -2113 + 6?
-2105
In base 11, what is -1 - -6?
5
In base 14, what is -4975 - -3?
-4972
In base 7, what is 416 - -5?
424
In base 4, what is 3 + 0?
3
In base 3, what is 21 - 10122?
-10101
In base 11, what is 9 - -6?
14
In base 13, what is -a1 - 15?
-b6
In base 5, what is -320 - -30?
-240
In base 4, what is 133023 - -2?
133031
In base 12, what is -324a - 1?
-324b
In base 14, what is -6 - b2?
-b8
In base 15, what is 3 - 6ba?
-6b7
In base 5, what is -3 - -1300?
1242
In base 14, what is a3 + -1?
a2
In base 14, what is 3 + 206?
209
In base 11, what is -83 - 0?
-83
In base 16, what is 2 - -87?
89
In base 15, what is 31 - -a?
3b
In base 10, what is -1382 + -2?
-1384
In base 7, what is 46 + 1?
50
In base 15, what is 5 - -341?
346
In base 12, what is b - 61?
-52
In base 6, what is -41 - -32?
-5
In base 14, what is -61d + 1?
-61c
In base 14, what is -1 + -9a9?
-9aa
In base 11, what is a084 + -2?
a082
In base 5, what is 1 + 3133?
3134
In base 16, what is 4 + 9c?
a0
In base 4, what is -31133 + -3?
-31202
In base 9, what is 11 + 63?
74
In base 6, what is -5305 + -1?
-5310
In base 15, what is 5b + -161?
-105
In base 9, what is -112 + -4?
-116
In base 12, what is -3 - 0?
-3
In base 4, what is -30 - -3?
-21
In base 16, what is -54 + 28?
-2c
In base 6, what is -211444 - 2?
-211450
In base 14, what is 83 - 9?
78
In base 5, what is 400410 + -2?
400403
In base 12, what is 2 + 75?
77
In base 7, what is -1164 + 1?
-1163
In base 10, what is 775 + 0?
775
In base 3, what is 200001 - 10?
122221
In base 13, what is 18 - 81?
-66
In base 7, what is -3 + -105?
-111
In base 14, what is 43 + -7?
3a
In base 2, what is -10 - -100000?
11110
In base 9, what is -1 + -101?
-102
In base 14, what is -5 - c7d?
-c84
In base 8, what is -1004 + -5?
-1011
In base 15, what is -5 + 340?
33a
In base 12, what is -1 - 136b?
-1370
In base 6, what is 11543 + 4?
11551
In base 5, what is -1 - -110?
104
In base 3, what is -201011 - -212?
-200022
In base 4, what is 13 + -1202?
-1123
In base 13, what is -39 + -9?
-45
In base 7, what is -3 + -65?
-101
In base 13, what is -2 + 28?
26
In base 9, what is 2 + 28?
31
In base 4, what is 10 - -111013?
111023
In base 9, what is 50 - -4?
54
In base 11, what is -4 - -4?
0
In base 8, what is 26 + 3?
31
In base 4, what is -31303 - 13?
-31322
In base 4, what is -21202 + -10?
-21212
In base 12, what is 1 - 45?
-44
In base 14, what is 2 - -2a1?
2a3
In base 16, what is -16b2 + -3?
-16b5
In base 13, what is 2 - -119?
11b
In base 9, what is -584 - -4?
-580
In base 4, what is -2 - 20320?
-20322
In base 12, what is -28 - -119?
b1
In base 7, what is 4 + -1344?
-1340
In base 11, what is -135 - 1?
-136
In base 16, what is -47 - 3?
-4a
In base 14, what is -1 - 11?
-12
In base 16, what is -5 - 13?
-18
In base 3, what is -10 - -102110?
102100
In base 15, what is -4 + -bd?
-c2
In base 9, what is 1 - 40?
-38
In base 6, what is -1304 - 1?
-1305
In base 2, what is -11010 + -101?
-11111
In base 11, what is -9 + 115?
107
In base 10, what is 16 - -8?
24
In base 10, what is -139 + 6?
-133
In base 14, what is 127 + -1?
126
In base 7, what is 1 + -230?
-226
In base 7, what is 202 + 34?
236
In base 6, what is 315 + -10?
305
In base 15, what is c - -337?
344
In base 7, what is -233 - 14?
-250
In base 3, what is -102201200 + 1?
-102201122
In base 11, what is -3 + 3665?
3662
In base 15, what is -22 - -3?
-1e
In base 14, what is 49 - -5?
50
In base 7, what is -3442 - 5?
-3450
In base 10, what is -30 + -4?
-34
In base 5, what is 102124 + 2?
102131
In base 6, what is 1 + 421?
422
In base 4, what is -100 - -110?
10
In base 6, what is 4 + 103?
111
In base 15, what is -1890 + -4?
-1894
In base 16, what is 92 - -4?
96
In base 4, what is 3 + -2021?
-2012
In base 15, what is -2 + -16?
-18
In base 2, what is -101101000 - -101?
-101100011
In base 16, what is 0 - -ff?
ff
In base 16, what is -11 + -8?
-19
In base 14, what is a1 + 14?
b5
In base 4, what is 302 + 1031?
1333
In base 11, what is -12 - 846?
-858
In base 4, what is -123 + -10?
-133
In base 15, what is -3 - bdd?
-be1
In base 6, what is 1353 + 14?
1411
In base 10, what is -46 + -59?
-105
In base 12, what is -36 - -14b?
115
In base 9, what is 2 + 44?
46
In base 10, what is 67 + 1?
68
In base 11, what is 8 - 19?
-11
In base 7, what is 102 + 14?
116
In base 11, what is -22 + -12?
-34
In base 12, what is -5 + -5a6?
-5ab
In base 4, what is -20020 - -1?
-20013
In base 13, what is -5 - -99?
94
In base 9, what is 168 - -6?
175
In base 4, what is 11302 + -11?
11231
In base 8, what is -10274 + -2?
-10276
In base 3, what is 1220021 - 11?
1220010
In base 4, what is -2 + -1013?
-1021
In base 10, what is -4 + 31?
27
In base 12, what is -139 - -1?
-138
In base 3, what is -102100 - -11?
-102012
In base 8, what is -5 - -101?
74
In base 2, what is -1110 + 10?
-1100
In base 8, what is -3 - 10457?
-10462
In base 3, what is -21120 - -10?
-21110
In base 2, what is 1101 - -100?
10001
In base 2, what is -1010100011 - 0?
-1010100011
In base 7, what is 1 + -365?
-364
In base 6, what is 5 + 2214?
2223
In base 9, what is -850 + 5?
-844
In base 3, what is -11021210 + 10?
-11021200
In base 3, what is -1 + -121?
-122
In base 15, what is -53 - -a?
-48
In base 2, what is -10111111 + -1000?
-11000111
In base 4, what is 0 + -30?
-30
In base 15, what is 2 + 15?
17
In base 10, what is 1707 - 0?
1707
In base 9, what is 5 - 32?
-26
In base 16, what is 11 + -12?
-1
In base 16, what is -14 + -5?
-19
In base 14, what is -803 + 1?
-802
In base 15, what is 5 + -a4?
-9e
In base 12, what is 10 - -2?
12
In base 13, what is 70 - -48?
b8
In base 5, what is -33 - -14?
-14
In base 15, what is -5 + -1e?
-24
In base 7, what is -3 - 35?
-41
In base 7, what is -50 - 51?
-131
In base 9, what is -1 + 1742?
1741
In base 8, what is -5 + -107?
-114
In base 3, what is 1101 + 122?
2000
In base 10, what is 248 + -1?
247
In base 10, what is 26 - -121?
147
In base 13, what is -1a1 - -2?
-19c
In base 4, what is -130 + -1233?
-2023
In base 3, what is -102 - -100?
-2
In base 14, what is -33 - 84?
-b7
In base 11, what is -218 - 0?
-218
In base 4, what is 332112 + -11?
332101
In base 13, what is -72 + -5?
-77
In base 2, what is 11010010100110 - 101?
11010010100001
In base 6, what is -431 - 5?
-440
In base 15, what is 2cd - 1?
2cc
In base 16, what is -a8 - -2?
-a6
In base 15, what is 5 - 837?
-832
In base 9, what is 4 - 82?
-77
In base 3, what is -1122 - -121000?
112101
In base 2, what is 1111101 - -10?
1111111
In base 2, what is 1111100 + -1?
1111011
In base 8, what is -7 - 5?
-14
In base 8, what is 16256 + -1?
16255
In base 8, what is -164 + 132?
-32
In base 9, what is -3 + -116?
-120
In base 6, what is 343 + -310?
33
In base 14, what is -5 + -57a?
-581
In base 10, what is 9277 - 1?
9276
In base 12, what is -7 + -11?
-18
In base 2, what is 101001 - -100000?
1001001
In base 14, what is -1 + -163a?
-163b
In base 14, what is -3204 + -3?
-3207
In base 7, what is 1 - 301?
-300
In base 4, what is -2133 + -2?
-2201
In base 10, what is -23 + 46?
23
In base 2, what is -110 - 111000000?
-111000110
In base 4, what is -11 - 1333?
-2010
In base 7, what is 0 + 1130?
1130
In base 6, what is -201042 - 2?
-201044
In base 4, what is 1022012 + -1?
1022011
In base 13, what is b3 + 3?
b6
In base 14, what is -7 - -15?
c
In base 13, what is 11 + 1a?
2b
In base 6, what is 3535 - 1?
3534
In base 12, what is 151 + 1?
152
In base 14, what is -7 - -6?
-1
In base 5, what is -2 - 11343?
-11400
In base 12, what is 4a0 - 4?
498
In base 11, what is 0 - 576?
-576
In base 7, what is 1 + -1112?
-1111
In base 12, what is -319 - 12?
-32b
In base 7, what is 11 + 360?
401
In base 12, what